sor of 488 and 210654960.
488
Calculate the highest common factor of 138846013 and 101.
101
What is the greatest common factor of 248 and 657192?
8
What is the greatest common divisor of 349 and 445366927?
349
What is the greatest common divisor of 1470 and 299670?
210
What is the greatest common divisor of 222105 and 2859519?
663
What is the highest common factor of 13382972 and 64582?
1318
What is the highest common factor of 258 and 582702?
6
Calculate the greatest common divisor of 16 and 7676936.
8
What is the greatest common factor of 224547970 and 4010?
4010
What is the highest common factor of 3081 and 3355885?
13
What is the highest common factor of 214244165 and 332?
83
What is the greatest common divisor of 22211 and 20200320?
1169
What is the greatest common divisor of 631251 and 12?
3
Calculate the greatest common factor of 71686 and 13719522.
982
What is the greatest common divisor of 25064 and 202761494?
6266
What is the greatest common divisor of 2200 and 1621340600?
2200
What is the greatest common divisor of 12661382 and 5830?
106
Calculate the highest common factor of 1930 and 113045890.
1930
What is the greatest common factor of 22 and 180907694?
22
What is the greatest common divisor of 232296068 and 20?
4
Calculate the highest common divisor of 582722 and 401250.
214
What is the greatest common factor of 6413646 and 12?
6
Calculate the highest common divisor of 12 and 6463542.
6
Calculate the greatest common factor of 69986224 and 448.
112
Calculate the highest common factor of 5617371 and 1216077.
2661
What is the highest common divisor of 688 and 11570800?
16
What is the greatest common factor of 177905802 and 14982?
1362
What is the highest common factor of 7090223 and 654997?
4781
Calculate the highest common factor of 2374299 and 8883.
1269
What is the highest common factor of 103771392 and 1152?
384
What is the greatest common factor of 23388574 and 508?
254
What is the greatest common factor of 4 and 9236722?
2
What is the greatest common factor of 28765 and 116215?
55
What is the greatest common divisor of 3071785 and 63685?
1355
Calculate the highest common divisor of 21609783 and 3.
3
What is the greatest common divisor of 511760 and 240?
80
What is the highest common factor of 2059 and 142883?
29
Calculate the greatest common factor of 40 and 318041420.
20
What is the greatest common factor of 282 and 18189564?
282
What is the greatest common factor of 225781 and 1?
1
Calculate the highest common factor of 48072860 and 40.
20
What is the greatest common divisor of 4821546 and 114?
6
What is the highest common factor of 16308510 and 30?
30
What is the greatest common divisor of 6579287 and 299962?
1807
What is the highest common factor of 153 and 4255407?
9
Calculate the highest common factor of 45795017 and 5329.
73
Calculate the highest common divisor of 406 and 164466743.
203
Calculate the greatest common factor of 14127 and 25959.
51
What is the greatest common factor of 5276586 and 16863?
1533
What is the highest common divisor of 1544 and 1637219?
193
What is the greatest common divisor of 5182 and 1992?
2
What is the highest common factor of 1994 and 2105985034?
1994
Calculate the highest common divisor of 16 and 841838528.
16
What is the highest common divisor of 71248 and 72712?
488
Calculate the highest common factor of 4141173 and 46.
23
Calculate the greatest common divisor of 352 and 53297488.
16
Calculate the greatest common factor of 5535 and 2547315.
135
Calculate the highest common factor of 14121 and 73251.
27
Calculate the highest common factor of 1837 and 2646094.
11
What is the highest common factor of 192649 and 9557?
503
What is the highest common divisor of 55 and 7055915?
5
What is the highest common factor of 6873 and 1472649?
87
What is the greatest common divisor of 746 and 356979277?
373
What is the greatest common factor of 13007030 and 3050?
610
Calculate the greatest common divisor of 561 and 1763036.
187
Calculate the highest common factor of 4568 and 42886097.
571
Calculate the greatest common factor of 1060 and 508164.
212
What is the greatest common factor of 11494716 and 1332?
444
Calculate the greatest common divisor of 391 and 110494691.
23
What is the highest common factor of 96249954 and 498?
498
Calculate the greatest common factor of 34 and 75246862.
34
What is the highest common divisor of 516 and 243129?
3
Calculate the greatest common factor of 4116975 and 15.
15
What is the greatest common factor of 428 and 61288316?
428
Calculate the highest common divisor of 6 and 685766.
2
What is the highest common factor of 1804 and 18957334?
902
Calculate the greatest common factor of 129120 and 3330720.
480
Calculate the greatest common divisor of 19840530 and 510.
510
Calculate the greatest common factor of 1250 and 3721000.
250
Calculate the highest common divisor of 120183549 and 626.
313
Calculate the greatest common divisor of 272592545 and 14275.
2855
Calculate the greatest common factor of 5 and 54433205.
5
Calculate the highest common divisor of 51024063 and 2052.
57
What is the greatest common divisor of 137863 and 936738?
913
Calculate the highest common factor of 3801079 and 85814.
401
What is the highest common factor of 27305 and 31605?
215
Calculate the greatest common factor of 13061103 and 484.
121
Calculate the greatest common factor of 66199 and 1833500.
193
What is the greatest common factor of 1423044 and 384?
12
Calculate the greatest common factor of 70323 and 684849.
33
Calculate the greatest common divisor of 115869127 and 187.
187
Calculate the greatest common divisor of 202958 and 15264578.
10682
What is the highest common factor of 3542913 and 88?
11
Calculate the highest common divisor of 315135 and 75096.
1341
What is the greatest common factor of 93 and 2583780963?
93
What is the highest common factor of 284427 and 11326029?
7293
Calculate the highest common factor of 11187 and 15598341.
99
What is the greatest common divisor of 2870 and 862435?
1435
What is the highest common factor of 6688 and 467552?
608
What is the highest common divisor of 942585 and 36190?
1645
What is the greatest common factor of 210 and 3103779?
21
Calculate the highest common divisor of 575060 and 220.
20
Calculate the greatest common divisor of 11736 and 1187944.
1304
Calculate the highest common factor of 476 and 284444.
68
Calculate the greatest common factor of 5340 and 11830680.
60
What is the highest common factor of 152943 and 291?
3
Calculate the greatest common divisor of 320 and 466260.
20
Calculate the greatest common divisor of 120 and 58531896.
24
Calculate the greatest common factor of 32660 and 2671795.
115
Calculate the greatest common factor of 2363713 and 616.
11
Calculate the greatest common divisor of 73027365 and 15.
15
Calculate the greatest common divisor of 1415916 and 22311.
333
Calculate the greatest common factor of 123131 and 6239.
17
Calculate the highest common factor of 7399014 and 18.
6
What is the highest common factor of 18353178 and 3844?
1922
Calculate the highest common factor of 4792156 and 13756.
724
What is the greatest common divisor of 2987946 and 3978?
234
Calculate the highest common factor of 49340844 and 747.
747
What is the highest common factor of 92753577 and 27?
9
What is the highest common divisor of 25214940 and 540?
180
Calculate the highest common divisor of 1107 and 45603972.
1107
Calculate the highest common divisor of 28962900 and 900.
900
Calculate the greatest common divisor of 76024 and 35795608.
5848
What is the highest common divisor of 468265 and 833?
119
Calculate the highest common factor of 278303595 and 5025.
1005
Calculate the highest common factor of 12 and 1096075224.
12
What is the greatest common divisor of 741 and 8208114?
57
What is the greatest common factor of 7655 and 59165?
5
What is the highest common factor of 1405728 and 5184?
864
What is the highest common factor of 7602 and 9942873?
543
What is the highest common factor of 46497856 and 1088?
1088
Calculate the greatest common divisor of 1118 and 2435262.
86
What is the greatest common factor of 294993885 and 15?
15
Calculate the highest common divisor of 1679754 and 4648.
166
What is the highest common factor of 1672683 and 11115631?